n divisor of 369478 and 34.
34
Calculate the greatest common factor of 115 and 4771925.
115
What is the highest common divisor of 125 and 277500?
125
Calculate the greatest common divisor of 763 and 4683.
7
What is the highest common divisor of 228 and 155838?
114
What is the highest common factor of 39 and 238147?
13
Calculate the highest common divisor of 11766 and 14874.
222
What is the greatest common factor of 18360 and 17544?
408
Calculate the greatest common factor of 9718 and 51076.
226
Calculate the greatest common factor of 1941518 and 11606.
1658
What is the highest common factor of 6020 and 17845?
215
What is the highest common factor of 5538 and 325464?
426
Calculate the highest common divisor of 24 and 107176.
8
Calculate the greatest common divisor of 334 and 627586.
334
Calculate the highest common factor of 400 and 175300.
100
Calculate the greatest common divisor of 2277 and 4761.
207
Calculate the highest common divisor of 1090 and 12753.
109
What is the greatest common factor of 3341 and 949?
13
Calculate the greatest common divisor of 5488 and 448.
112
What is the highest common divisor of 2321 and 11?
11
Calculate the highest common factor of 48681 and 243.
81
What is the highest common divisor of 33680 and 4360?
40
Calculate the highest common divisor of 503564 and 524.
524
What is the greatest common factor of 5408 and 124046?
338
What is the highest common factor of 11776 and 598?
46
What is the highest common divisor of 15 and 210135?
15
What is the highest common divisor of 154182 and 378?
42
Calculate the greatest common divisor of 35786 and 58.
58
Calculate the highest common factor of 1040 and 106340.
260
What is the highest common divisor of 1014174 and 378?
378
Calculate the highest common divisor of 2736 and 4014396.
684
Calculate the highest common factor of 163040 and 165078.
2038
Calculate the greatest common divisor of 382795 and 280.
35
What is the highest common factor of 14 and 75061?
7
What is the highest common factor of 672 and 95648?
224
Calculate the highest common factor of 91245 and 18711.
231
What is the highest common divisor of 66313 and 377?
13
What is the highest common factor of 27570 and 150?
30
What is the greatest common divisor of 2950 and 950?
50
Calculate the greatest common factor of 1632 and 6432.
96
Calculate the highest common factor of 90 and 15552.
18
Calculate the greatest common factor of 50607 and 36.
9
Calculate the greatest common divisor of 3857 and 9338.
203
What is the highest common factor of 36 and 304812?
36
What is the highest common divisor of 1026 and 185193?
513
Calculate the highest common factor of 68 and 294797.
17
What is the highest common factor of 965 and 4246?
193
Calculate the greatest common divisor of 650 and 36010.
130
Calculate the highest common divisor of 19 and 323988.
19
Calculate the highest common divisor of 777 and 191401.
259
Calculate the highest common factor of 64 and 447712.
32
Calculate the highest common divisor of 112 and 21.
7
Calculate the greatest common factor of 1057158 and 90.
18
What is the greatest common factor of 26000 and 30290?
130
Calculate the highest common factor of 521 and 688241.
521
What is the highest common factor of 3159 and 12532?
13
What is the highest common divisor of 1560 and 405?
15
Calculate the greatest common divisor of 4669 and 2233.
203
Calculate the highest common divisor of 142416 and 368.
368
What is the greatest common divisor of 222156 and 54?
54
Calculate the highest common factor of 5453 and 23275.
133
What is the highest common divisor of 1128 and 852?
12
What is the greatest common divisor of 97074 and 18?
18
What is the highest common divisor of 51 and 981036?
51
Calculate the highest common divisor of 533 and 30069.
13
Calculate the highest common divisor of 19284 and 12.
12
Calculate the greatest common factor of 592 and 704.
16
Calculate the greatest common factor of 84828 and 228.
12
What is the highest common divisor of 174 and 243687?
87
Calculate the greatest common divisor of 217322 and 361.
361
Calculate the highest common factor of 252 and 8512.
28
Calculate the greatest common factor of 364 and 11452.
28
What is the greatest common factor of 27324 and 1449?
207
Calculate the greatest common factor of 144 and 2214504.
72
What is the highest common factor of 50776 and 132?
44
Calculate the greatest common divisor of 2607 and 114279.
33
What is the greatest common divisor of 1095 and 1195010?
365
Calculate the highest common divisor of 644 and 27356.
28
What is the highest common divisor of 88 and 1696024?
88
Calculate the greatest common factor of 50 and 76060.
10
Calculate the greatest common divisor of 1626 and 1017334.
542
What is the highest common divisor of 472065 and 2475?
165
What is the highest common divisor of 703 and 20653?
19
Calculate the highest common divisor of 373906 and 788.
394
Calculate the greatest common factor of 62804 and 28.
28
Calculate the highest common divisor of 15035 and 20.
5
Calculate the greatest common factor of 49320 and 585.
45
Calculate the highest common divisor of 1175231 and 851.
851
What is the highest common divisor of 3536880 and 24?
24
What is the highest common divisor of 184 and 12167?
23
Calculate the greatest common divisor of 267219 and 162.
81
Calculate the greatest common divisor of 4264596 and 21.
21
What is the highest common factor of 1240 and 30752?
248
Calculate the greatest common factor of 44 and 1133.
11
What is the greatest common divisor of 2839 and 2941?
17
Calculate the highest common divisor of 203975 and 2050.
1025
Calculate the greatest common divisor of 440277 and 86.
43
Calculate the highest common factor of 52 and 360737.
13
Calculate the greatest common factor of 52000 and 146900.
1300
What is the highest common factor of 60419 and 62?
31
Calculate the greatest common factor of 24808 and 33544.
56
Calculate the greatest common factor of 903 and 2751.
21
What is the highest common factor of 11026 and 47680?
298
What is the highest common factor of 17947 and 137?
137
What is the highest common factor of 235 and 215965?
235
Calculate the highest common divisor of 254 and 17512030.
254
What is the highest common divisor of 1784 and 56?
8
Calculate the highest common factor of 50 and 10010725.
25
Calculate the highest common factor of 16184 and 2632.
56
What is the greatest common factor of 1390447 and 24208?
1513
Calculate the highest common factor of 226300 and 584.
292
What is the greatest common divisor of 211915 and 20?
5
What is the greatest common factor of 436 and 8587892?
436
What is the highest common divisor of 1926 and 24597?
9
What is the highest common factor of 17748 and 34?
34
Calculate the greatest common divisor of 110 and 227990.
10
Calculate the greatest common factor of 30873 and 192768.
753
Calculate the highest common divisor of 9739 and 9.
1
What is the highest common factor of 831838 and 70?
14
What is the greatest common factor of 181734 and 42?
42
What is the greatest common divisor of 1552 and 260833?
97
What is the highest common divisor of 81 and 28242?
27
Calculate the highest common divisor of 78141 and 42.
21
Calculate the highest common divisor of 22 and 5472599.
11
What is the greatest common divisor of 1220 and 2340?
20
Calculate the greatest common factor of 6110 and 6370.
130
What is the greatest common divisor of 12 and 650364?
12
What is the greatest common divisor of 831641 and 21256?
2657
What is the greatest common factor of 17271 and 1881?
171
Calculate the highest common divisor of 2703900 and 180.
60
Calculate the highest common divisor of 16704 and 99296.
928
Calculate the greatest common factor of 4683 and 581.
7
Calculate the greatest common factor of 666409 and 934.
467
What is the greatest common divisor of 9046745 and 5?
5
Calculate the highest common factor of 54114 and 2088.
174
What is the highest common divisor of 6493 and 57061?
43
Calculate the highest common factor of 2185 and 304.
19
What is the greatest common divisor of 211197 and 89?
89
Calculate the greatest common factor of 24 and 5580.
12
Calculate the highest common divisor of 920 and 167785.
115
What is the greatest common divisor of 3107436 and 1905?
381
What is the greatest common divisor of 322 a